{"id":2,"date":"2014-03-11T06:49:13","date_gmt":"2014-03-11T05:49:13","guid":{"rendered":"http:\/\/serwer1429534.home.pl\/?page_id=2"},"modified":"2021-06-11T15:11:33","modified_gmt":"2021-06-11T13:11:33","slug":"historia-kola","status":"publish","type":"page","link":"http:\/\/kawka.suwalki.pl\/?page_id=2","title":{"rendered":"Historia ko\u0142a"},"content":{"rendered":"<p style=\"text-align: justify;\"><img loading=\"lazy\" class=\"size-full wp-image-357 alignleft\" src=\"http:\/\/kawka.suwalki.pl\/wp-content\/uploads\/2014\/03\/kawka.png\" alt=\"kawka\" width=\"220\" height=\"220\" srcset=\"http:\/\/kawka.suwalki.pl\/wp-content\/uploads\/2014\/03\/kawka.png 220w, http:\/\/kawka.suwalki.pl\/wp-content\/uploads\/2014\/03\/kawka-150x150.png 150w\" sizes=\"(max-width: 220px) 100vw, 220px\" \/>Data za\u0142o\u017cenia Ko\u0142a: 5 marca 1987 r.Ko\u0142o \u0141owieckie \u201eKawka&#8221; za\u0142o\u017cone zosta\u0142o przy Krajowej Agencji Wydawniczej- KAW w Warszawie w dniu 5 marca 1987 r. Gospodarowa\u0142o na obwodzie \u0142owieckim nr 17 w by\u0142ym wojew\u00f3dztwie suwalskim i obwodzie 33 po\u0142o\u017conym w by\u0142ym wojew\u00f3dztwie kaliskim. Po niespe\u0142na 10 latach dzia\u0142alno\u015bci Walne Zgromadzenie postanowi\u0142o przenie\u015b\u0107 siedzib\u0119 Ko\u0142a z Warszawy do Suwa\u0142k, a kilka miesi\u0119cy p\u00f3\u017aniej, w dniu 23 listopada 1996 r. dokonano jego podzia\u0142u na Ko\u0142o \u0141owieckie \u201eLis&#8221; z siedzib\u0105 w Kaliszu i Ko\u0142o \u0141owieckie \u201eKawka&#8221; bez zmiany jego siedziby. Nowo wybrany Zarz\u0105d Ko\u0142a \u201eKawka&#8221; by\u0142 nast\u0119puj\u0105cy: Stanis\u0142aw Markowski &#8211; prezes, Jan Cieraszewski &#8211; \u0142owczy, Zdzis\u0142aw Grabek &#8211; skarbnik, Tadeusz Czerwiecki &#8211; sekretarz, Krzysztof Figura &#8211; cz\u0142onek Zarz\u0105du.<\/p>\n<p style=\"text-align: justify;\">Ko\u0142o prowadzi gospodark\u0119 na obwodzie nr 6 o powierzchni 5257 ha w tym las\u00f3w jest 27,1% na obszarze Suwalskiego Parku Krajobrazowego. Jest to teren otwarty z niewielkimi ale licznymi lasami i jeziorami, bardzo zr\u00f3\u017cnicowany geomorfologicznie. Z uwagi na swoje po\u0142o\u017cenie cieszy si\u0119 bardzo du\u017cym zainteresowaniem w\u015br\u00f3d turyst\u00f3w. Okolice Smolnik, Cisowa G\u00f3ra i jezioro Ha\u0144cza to miejsce najcz\u0119\u015bciej przez nich odwiedzane.<\/p>\n<p style=\"text-align: justify;\">Pomimo du\u017cej penetracji turystycznej jest to dobre \u0142owisko z wyst\u0119puj\u0105cym \u0142osiem, sarn\u0105, dzikiem, a ostatnio r\u00f3wnie\u017c jeleniem. Zadowalaj\u0105cy jest tak\u017ce stan ptactwa wodnego. Do lat 80-tych licznie wyst\u0119powa\u0142y zaj\u0105ce, kuropatwy i pi\u017cmaki, dzisiaj ich stany s\u0105 znikome. Obw\u00f3d jest dobrze zagospodarowany. Do zimowego dokarmiania s\u0142u\u017cy 14 pa\u015bnik\u00f3w dla zwierzyny p\u0142owej i trzy sta\u0142e karmowiska dla dzik\u00f3w, uprawia si\u0119 te\u017c 2,5 ha poletek \u0142owieckich i pas\u00f3w zaporowych.<\/p>\n<p style=\"text-align: justify;\">Du\u017c\u0105 wag\u0119 przywi\u0105zuje si\u0119 do ochrony \u0142owisk, redukuje si\u0119 populacj\u0119 lisa i prowadzi si\u0119 nieustann\u0105 walk\u0119 z k\u0142usownictwem. Wzrastaj\u0105ce stany zwierzyny grubej w szczeg\u00f3lno\u015bci dzika i sarny pozwalaj\u0105 na zwi\u0119kszenie ich pozyskania. W sezonie 2007\/2008 pozyskano 18 saren i 16 dzik\u00f3w i 2 jelenie.<\/p>\n<p style=\"text-align: justify;\">Ko\u0142o liczy 38 cz\u0142onk\u00f3w, z kt\u00f3rych 17 posiada uprawnienia selekcjonera zwierzyny p\u0142owej. Nabierani i szkoleni s\u0105 r\u00f3wnie\u017c m\u0142odzi adepci \u0142owiectwa.<\/p>\n","protected":false},"excerpt":{"rendered":"<p>Data za\u0142o\u017cenia Ko\u0142a: 5 marca 1987 r.Ko\u0142o \u0141owieckie \u201eKawka&#8221; za\u0142o\u017cone zosta\u0142o przy Krajowej Agencji Wydawniczej- KAW w Warszawie w dniu 5 marca 1987 r. Gospodarowa\u0142o na obwodzie \u0142owieckim nr 17 w by\u0142ym wojew\u00f3dztwie suwalskim i obwodzie 33 po\u0142o\u017conym w by\u0142ym wojew\u00f3dztwie kaliskim. Po niespe\u0142na 10 latach dzia\u0142alno\u015bci Walne Zgromadzenie postanowi\u0142o przenie\u015b\u0107 siedzib\u0119 Ko\u0142a z Warszawy [&hellip;]<\/p>\n","protected":false},"author":1,"featured_media":0,"parent":0,"menu_order":2,"comment_status":"closed","ping_status":"closed","template":"","meta":{"ngg_post_thumbnail":0},"_links":{"self":[{"href":"http:\/\/kawka.suwalki.pl\/index.php?rest_route=\/wp\/v2\/pages\/2"}],"collection":[{"href":"http:\/\/kawka.suwalki.pl\/index.php?rest_route=\/wp\/v2\/pages"}],"about":[{"href":"http:\/\/kawka.suwalki.pl\/index.php?rest_route=\/wp\/v2\/types\/page"}],"author":[{"embeddable":true,"href":"http:\/\/kawka.suwalki.pl\/index.php?rest_route=\/wp\/v2\/users\/1"}],"replies":[{"embeddable":true,"href":"http:\/\/kawka.suwalki.pl\/index.php?rest_route=%2Fwp%2Fv2%2Fcomments&post=2"}],"version-history":[{"count":13,"href":"http:\/\/kawka.suwalki.pl\/index.php?rest_route=\/wp\/v2\/pages\/2\/revisions"}],"predecessor-version":[{"id":5133,"href":"http:\/\/kawka.suwalki.pl\/index.php?rest_route=\/wp\/v2\/pages\/2\/revisions\/5133"}],"wp:attachment":[{"href":"http:\/\/kawka.suwalki.pl\/index.php?rest_route=%2Fwp%2Fv2%2Fmedia&parent=2"}],"curies":[{"name":"wp","href":"https:\/\/api.w.org\/{rel}","templated":true}]}}

Historia koła

<p style="text-align: justify;"><img loading="lazy" class="size-full wp-image-357 alignleft" src="http://kawka.suwalki.pl/wp-content/uploads/2014/03/kawka.png" alt="kawka" width="220" height="220" srcset="http://kawka.suwalki.pl/wp-content/uploads/2014/03/kawka.png 220w, http://kawka.suwalki.pl/wp-content/uploads/2014/03/kawka-150x150.png 150w" sizes="(max-width: 220px) 100vw, 220px" />Data założenia Koła: 5 marca 1987 r.Koło Łowieckie „Kawka&#8221; założone zostało przy Krajowej Agencji Wydawniczej- KAW w Warszawie w dniu 5 marca 1987 r. Gospodarowało na obwodzie łowieckim nr 17 w byłym województwie suwalskim i obwodzie 33 położonym w byłym województwie kaliskim. Po niespełna 10 latach działalności Walne Zgromadzenie postanowiło przenieść siedzibę Koła z Warszawy do Suwałk, a kilka miesięcy później, w dniu 23 listopada 1996 r. dokonano jego podziału na Koło Łowieckie „Lis&#8221; z siedzibą w Kaliszu i Koło Łowieckie „Kawka&#8221; bez zmiany jego siedziby. Nowo wybrany Zarząd Koła „Kawka&#8221; był następujący: Stanisław Markowski &#8211; prezes, Jan Cieraszewski &#8211; łowczy, Zdzisław Grabek &#8211; skarbnik, Tadeusz Czerwiecki &#8211; sekretarz, Krzysztof Figura &#8211; członek Zarządu.</p>
<p style="text-align: justify;">Koło prowadzi gospodarkę na obwodzie nr 6 o powierzchni 5257 ha w tym lasów jest 27,1% na obszarze Suwalskiego Parku Krajobrazowego. Jest to teren otwarty z niewielkimi ale licznymi lasami i jeziorami, bardzo zróżnicowany geomorfologicznie. Z uwagi na swoje położenie cieszy się bardzo dużym zainteresowaniem wśród turystów. Okolice Smolnik, Cisowa Góra i jezioro Hańcza to miejsce najczęściej przez nich odwiedzane.</p>
<p style="text-align: justify;">Pomimo dużej penetracji turystycznej jest to dobre łowisko z występującym łosiem, sarną, dzikiem, a ostatnio również jeleniem. Zadowalający jest także stan ptactwa wodnego. Do lat 80-tych licznie występowały zające, kuropatwy i piżmaki, dzisiaj ich stany są znikome. Obwód jest dobrze zagospodarowany. Do zimowego dokarmiania służy 14 paśników dla zwierzyny płowej i trzy stałe karmowiska dla dzików, uprawia się też 2,5 ha poletek łowieckich i pasów zaporowych.</p>
<p style="text-align: justify;">Dużą wagę przywiązuje się do ochrony łowisk, redukuje się populację lisa i prowadzi się nieustanną walkę z kłusownictwem. Wzrastające stany zwierzyny grubej w szczególności dzika i sarny pozwalają na zwiększenie ich pozyskania. W sezonie 2007/2008 pozyskano 18 saren i 16 dzików i 2 jelenie.</p>
<p style="text-align: justify;">Koło liczy 38 członków, z których 17 posiada uprawnienia selekcjonera zwierzyny płowej. Nabierani i szkoleni są również młodzi adepci łowiectwa.</p>

<p>Data założenia Koła: 5 marca 1987 r.Koło Łowieckie „Kawka&#8221; założone zostało przy Krajowej Agencji Wydawniczej- KAW w Warszawie w dniu 5 marca 1987 r. Gospodarowało na obwodzie łowieckim nr 17 w byłym województwie suwalskim i obwodzie 33 położonym w byłym województwie kaliskim. Po niespełna 10 latach działalności Walne Zgromadzenie postanowiło przenieść siedzibę Koła z Warszawy [&hellip;]</p>
