{"id":3328,"date":"2019-01-01T09:38:46","date_gmt":"2019-01-01T08:38:46","guid":{"rendered":"http:\/\/kawka.suwalki.pl\/?page_id=3328"},"modified":"2019-01-01T09:41:11","modified_gmt":"2019-01-01T08:41:11","slug":"jeleniewo","status":"publish","type":"page","link":"http:\/\/kawka.suwalki.pl\/?page_id=3328","title":{"rendered":"Jeleniewo"},"content":{"rendered":"<p>23.12.2018 polowali\u015bmy w okolicach Jeleniewa, polowanie by\u0142o polowaniem wigilijnym na kt\u00f3rym Kr\u00f3lem zosta\u0142 kol. Grzegorz \u015awiacki strzelaj\u0105c lisa i zaj\u0105ca, Wice zosta\u0142 kol. Tadeusz Czerwiecki z lisem oraz Kr\u00f3lem pudlarzy kol. Jacek Szkiru\u0107. Po udanym polowaniu my\u015bliwi przy ognisku podzielili si\u0119 op\u0142atkiem \u017cycz\u0105c oczywi\u015bcie udanych polowa\u0144 w nast\u0119pnych sezonach.<\/p>\n<p style=\"text-align: right;\">DARZ B\u00d3R<\/p>\n<p style=\"text-align: right;\">Karol Tomkiewicz<\/p>\n<div class=\"gmedia_gallery gmediaShortcodeError\" data-gmid=\"93\" data-error=\"phantom: folder missed or module broken\"><\/div>\n","protected":false},"excerpt":{"rendered":"<p>23.12.2018 polowali\u015bmy w okolicach Jeleniewa, polowanie by\u0142o polowaniem wigilijnym na kt\u00f3rym Kr\u00f3lem zosta\u0142 kol. Grzegorz \u015awiacki strzelaj\u0105c lisa i zaj\u0105ca, Wice zosta\u0142 kol. Tadeusz Czerwiecki z lisem oraz Kr\u00f3lem pudlarzy kol. Jacek Szkiru\u0107. Po udanym polowaniu my\u015bliwi przy ognisku podzielili si\u0119 op\u0142atkiem \u017cycz\u0105c oczywi\u015bcie udanych polowa\u0144 w nast\u0119pnych sezonach. DARZ B\u00d3R Karol Tomkiewicz<\/p>\n","protected":false},"author":1,"featured_media":0,"parent":3165,"menu_order":4,"comment_status":"closed","ping_status":"closed","template":"","meta":{"ngg_post_thumbnail":0},"_links":{"self":[{"href":"http:\/\/kawka.suwalki.pl\/index.php?rest_route=\/wp\/v2\/pages\/3328"}],"collection":[{"href":"http:\/\/kawka.suwalki.pl\/index.php?rest_route=\/wp\/v2\/pages"}],"about":[{"href":"http:\/\/kawka.suwalki.pl\/index.php?rest_route=\/wp\/v2\/types\/page"}],"author":[{"embeddable":true,"href":"http:\/\/kawka.suwalki.pl\/index.php?rest_route=\/wp\/v2\/users\/1"}],"replies":[{"embeddable":true,"href":"http:\/\/kawka.suwalki.pl\/index.php?rest_route=%2Fwp%2Fv2%2Fcomments&post=3328"}],"version-history":[{"count":2,"href":"http:\/\/kawka.suwalki.pl\/index.php?rest_route=\/wp\/v2\/pages\/3328\/revisions"}],"predecessor-version":[{"id":3330,"href":"http:\/\/kawka.suwalki.pl\/index.php?rest_route=\/wp\/v2\/pages\/3328\/revisions\/3330"}],"up":[{"embeddable":true,"href":"http:\/\/kawka.suwalki.pl\/index.php?rest_route=\/wp\/v2\/pages\/3165"}],"wp:attachment":[{"href":"http:\/\/kawka.suwalki.pl\/index.php?rest_route=%2Fwp%2Fv2%2Fmedia&parent=3328"}],"curies":[{"name":"wp","href":"https:\/\/api.w.org\/{rel}","templated":true}]}}

<p>23.12.2018 polowaliśmy w okolicach Jeleniewa, polowanie było polowaniem wigilijnym na którym Królem został kol. Grzegorz Świacki strzelając lisa i zająca, Wice został kol. Tadeusz Czerwiecki z lisem oraz Królem pudlarzy kol. Jacek Szkiruć. Po udanym polowaniu myśliwi przy ognisku podzielili się opłatkiem życząc oczywiście udanych polowań w następnych sezonach.</p>
<p style="text-align: right;">DARZ BÓR</p>
<p style="text-align: right;">Karol Tomkiewicz</p>
<div class="gmedia_gallery gmediaShortcodeError" data-gmid="93" data-error="phantom: folder missed or module broken"></div>

<p>23.12.2018 polowaliśmy w okolicach Jeleniewa, polowanie było polowaniem wigilijnym na którym Królem został kol. Grzegorz Świacki strzelając lisa i zająca, Wice został kol. Tadeusz Czerwiecki z lisem oraz Królem pudlarzy kol. Jacek Szkiruć. Po udanym polowaniu myśliwi przy ognisku podzielili się opłatkiem życząc oczywiście udanych polowań w następnych sezonach. DARZ BÓR Karol Tomkiewicz</p>
