{"id":7386,"date":"2025-07-23T12:54:22","date_gmt":"2025-07-23T10:54:22","guid":{"rendered":"http:\/\/kawka.suwalki.pl\/?page_id=7386"},"modified":"2025-07-23T12:55:59","modified_gmt":"2025-07-23T10:55:59","slug":"oboz-harcerski-garbas","status":"publish","type":"page","link":"http:\/\/kawka.suwalki.pl\/?page_id=7386","title":{"rendered":"Ob\u00f3z harcerski Garbas"},"content":{"rendered":"<p>Spotkanie Koleg\u00f3w my\u015bliwych z Ko\u0142a \u0141owieckiego KAWKA z harcerzami. Pogadanki przy ognisku o \u0142owiectwie, przyrodzie i ochronie zwierzyny.<\/p>\nngg_shortcode_0_placeholder\n","protected":false},"excerpt":{"rendered":"<p>Spotkanie Koleg\u00f3w my\u015bliwych z Ko\u0142a \u0141owieckiego KAWKA z harcerzami. Pogadanki przy ognisku o \u0142owiectwie, przyrodzie i ochronie zwierzyny.<\/p>\n","protected":false},"author":1,"featured_media":0,"parent":35,"menu_order":0,"comment_status":"closed","ping_status":"closed","template":"","meta":{"ngg_post_thumbnail":0},"_links":{"self":[{"href":"http:\/\/kawka.suwalki.pl\/index.php?rest_route=\/wp\/v2\/pages\/7386"}],"collection":[{"href":"http:\/\/kawka.suwalki.pl\/index.php?rest_route=\/wp\/v2\/pages"}],"about":[{"href":"http:\/\/kawka.suwalki.pl\/index.php?rest_route=\/wp\/v2\/types\/page"}],"author":[{"embeddable":true,"href":"http:\/\/kawka.suwalki.pl\/index.php?rest_route=\/wp\/v2\/users\/1"}],"replies":[{"embeddable":true,"href":"http:\/\/kawka.suwalki.pl\/index.php?rest_route=%2Fwp%2Fv2%2Fcomments&post=7386"}],"version-history":[{"count":3,"href":"http:\/\/kawka.suwalki.pl\/index.php?rest_route=\/wp\/v2\/pages\/7386\/revisions"}],"predecessor-version":[{"id":7394,"href":"http:\/\/kawka.suwalki.pl\/index.php?rest_route=\/wp\/v2\/pages\/7386\/revisions\/7394"}],"up":[{"embeddable":true,"href":"http:\/\/kawka.suwalki.pl\/index.php?rest_route=\/wp\/v2\/pages\/35"}],"wp:attachment":[{"href":"http:\/\/kawka.suwalki.pl\/index.php?rest_route=%2Fwp%2Fv2%2Fmedia&parent=7386"}],"curies":[{"name":"wp","href":"https:\/\/api.w.org\/{rel}","templated":true}]}}

Obóz harcerski Garbas

<p>Spotkanie Kolegów myśliwych z Koła Łowieckiego KAWKA z harcerzami. Pogadanki przy ognisku o łowiectwie, przyrodzie i ochronie zwierzyny.</p>
ngg_shortcode_0_placeholder

<p>Spotkanie Kolegów myśliwych z Koła Łowieckiego KAWKA z harcerzami. Pogadanki przy ognisku o łowiectwie, przyrodzie i ochronie zwierzyny.</p>
